w be -8*(-3 + 1*4/16). Suppose 17*r = w*r - 315. List the prime factors of r.
3, 7
Suppose -k + 3*h = -175, 3*h + 567 = 3*k + 8*h. Suppose 5*r = -3*z + 306, -4*r = -r + 2*z - k. List the prime factors of r.
2, 3, 5
Let z(k) = -4*k**2 - k + 3. Let a be z(0). What are the prime factors of (54 - a) + 4/(-1)?
47
Suppose s = 4*m - 167 + 772, -2*s - 3*m + 1243 = 0. List the prime factors of s.
617
Let b be (-5)/(-15)*-3*0 - -23. Let t(o) = o**3 + 4*o**2 - 2*o - 1. Let k be t(-4). What are the prime factors of (-2*b)/(-8 + k)?
2, 23
Let c be 3/12 + -1 + (-2)/8. What are the prime factors of 4/(-15 + 3)*(c - 365)?
2, 61
Let n(r) = 2*r**2 - 17*r - 318. List the prime factors of n(-31).
2131
Let g(i) = 150*i**2 - 2*i + 1. List the prime factors of g(1).
149
List the prime factors of ((-140)/(-21))/5 - 22702/(-6).
5, 757
Suppose -185 = -o - 6*n + 2*n, 903 = 5*o - 2*n. Let x = -99 + o. What are the prime factors of x?
2, 41
Suppose -54 = 10*p - 4*p. List the prime factors of p/45 + (-11)/(-5) + 167.
13
Suppose -4*y - 112 = 4*p, -3*y + 15 - 113 = -4*p. Let w = y - -40. List the prime factors of w.
2, 5
What are the prime factors of 7052/12*3/1?
41, 43
Suppose -5*v + 153 = -f, -4*f - 391 - 189 = -4*v. Let u = -98 - f. List the prime factors of u.
3, 5
Suppose -4*j - 2*f + 8318 = 0, 9*f = 5*j + 5*f - 10404. List the prime factors of j.
2, 5, 13
Let g = -17 - -27. Let w = 3 + 0. List the prime factors of w - (0 - (2 + g)).
3, 5
Let l(h) = h**3 + 8*h**2 - 10*h - 6. Let b be 2*(-2 - 15/6). Let n be l(b). Suppose -n*u - 5 + 32 = 0. List the prime factors of u.
3
Suppose -5*a + 4*i + 22 = 0, 8 = 2*a - 2*i - 0*i. Suppose 4*y - a*y = -402. List the prime factors of y.
3, 67
Let f(b) be the first derivative of -26*b**2 - 19*b - 11. List the prime factors of f(-4).
3, 7
Let r(a) = -a**2 + 6*a - 3. Let p be r(4). Suppose 0 = -2*q - 4*j + 164, 3*j = 2 - p. List the prime factors of q.
2, 3, 7
Suppose -5*h + 28340 = 5*m, -4*m = 14 - 2. List the prime factors of h.
53, 107
Let j = 407 - 253. Suppose -2*r = 4*s - j, 2*r + s = -23 + 165. List the prime factors of r.
3, 23
List the prime factors of ((-7969)/(-65))/(-2 + 11/5).
613
List the prime factors of (4/12)/((-2)/(-43416)*4).
3, 67
Let p(y) = y**3 - 77*y**2 - 171*y - 50. List the prime factors of p(80).
2, 5, 547
Suppose -2544 = t - 4076. List the prime factors of t.
2, 383
Let t be (0 - 2)*(-6 - (-35)/10). Suppose 73 = -t*y + 463. List the prime factors of y.
2, 3, 13
Let m(b) = 103*b**3 - b**2 + 2*b - 1. Let l be m(1). Let j be (-2)/3*(-24)/4. Suppose j = -z - 0*z, z + l = 3*t. What are the prime factors of t?
3, 11
Let i = 2267 - 762. What are the prime factors of i?
5, 7, 43
Let w(f) = -7*f - 7. Let r be w(-6). Suppose 18 = 3*y - 39. Let x = r - y. List the prime factors of x.
2
Let p(n) = n**3 + 6*n**2 + 3*n - 7. Let o be p(-5). Suppose -2 = -2*i - 0*y + y, 2*i + o*y = 10. List the prime factors of i.
2
Let s = -226 + 366. Suppose 0 = -9*c + 4*c + s. Suppose v + v = -o + c, 8 = -4*v. List the prime factors of o.
2
Let i(h) = -124*h + 758. List the prime factors of i(-36).
2, 7, 373
Suppose -4*a + 2 = 14. Let g be a + (-51)/((-1)/1). Suppose 0*c + g = w + 2*c, w = 2*c + 60. What are the prime factors of w?
2, 3
Suppose 0*r - 4*r - 38 = 2*x, -79 = 5*x + 2*r. Let t = 17 + x. What are the prime factors of t?
2
What are the prime factors of (-22)/1*5313/(-66)?
7, 11, 23
Let c be 12*((-62)/(-6) + -3). Let v = c - 54. What are the prime factors of v?
2, 17
Let y(t) = -t**3 - 7*t**2 + 31*t + 13. Let f be y(-10). Suppose 0 = 5*i - 33 + 8. Suppose i*s + 37 = 2*j - 5, -f*j + 63 = 3*s. What are the prime factors of j?
3, 7
Suppose 7*s + 82836 = 43*s. List the prime factors of s.
3, 13, 59
Suppose 2*k = -2*q + 2, -2*k + 2 = 3*q - 5. Suppose q*r = 470 - 50. Suppose -4*u + r = -0*u. What are the prime factors of u?
3, 7
Let n(k) = -12*k - 2. Let o be n(2). Let j = o + 23. What are the prime factors of (j + 1)/((-8)/228)?
3, 19
Let c(k) = k**3 + 6*k**2 + 5*k. Let r be c(-5). Suppose r = 2*t + 2*t - 4*y - 8, 4*t - 14 = y. What are the prime factors of t?
2
Suppose 0 = 2*p + s + 4*s - 8, 0 = 2*p + s - 8. Suppose -3*k - p = -40. Suppose -i = -21 - k. What are the prime factors of i?
3, 11
What are the prime factors of (8/(-3))/(8/(-1692))?
2, 3, 47
Let y(m) = 57*m + 36. Let w be y(-8). Let u = w - -598. List the prime factors of u.
2, 89
Suppose -465 = 8*y - 3*y. Let l = y - -161. What are the prime factors of l?
2, 17
Suppose -1484 = -2*t - 2*y, -12 = -9*y + 6*y. What are the prime factors of t?
2, 3, 41
Let s(u) = -u + 4 - 14 + 4 + 2*u**2 + 8*u. What are the prime factors of s(-6)?
2, 3
Suppose -7*a = -8*a - 996. List the prime factors of (a/8)/(-1 - 3/(-6)).
3, 83
Let z be (4/(-6))/((-511)/168 - -3). What are the prime factors of (-82)/(3 - z/4)?
2, 41
Let v be -1*21/(-14) - 317/(-2). List the prime factors of (-6)/(-9) - v/(-3).
2, 3
Suppose -306*p = -325*p + 36993. What are the prime factors of p?
3, 11, 59
Let l(t) = -t**2 + 17*t - 69. Let r be l(14). What are the prime factors of (9/4)/(r/(-3312))?
2, 3, 23
Let f(h) = h**3 + 5*h**2 - h + 5. Let c = -3 - -21. Suppose c = -5*y - 7. What are the prime factors of f(y)?
2, 5
Let k(r) = -r**3 - 21*r**2 + 72*r + 106. What are the prime factors of k(-27)?
2, 317
List the prime factors of ((-18852)/(-20))/(42/70).
1571
Let u = 98 - 103. What are the prime factors of 162 - ((u - -2) + 7)?
2, 79
Suppose 300 = -3*u + 6*u - 2*i, 3*u - 4*i - 306 = 0. What are the prime factors of u?
2, 7
Suppose -10*p = -1603 + 283. What are the prime factors of p?
2, 3, 11
Let v(r) = -1075*r**3 + 4*r**2 + 4*r + 1. What are the prime factors of v(-1)?
2, 269
Suppose -3*j + 0*j = -3. Let b be (j - 16/(-2)) + 3. Suppose -2*h = -h - b. List the prime factors of h.
2, 3
Let a be 3/4 - 6/8. Let i(x) = 5*x + 3*x**2 + 4*x**3 + 1 + a + 6*x**2 - 5*x**3. List the prime factors of i(9).
2, 23
Let r(l) = 9*l**2 - 133*l - 4. List the prime factors of r(-10).
2, 3, 7, 53
Let h(d) be the first derivative of 63*d**2/2 - d + 5. Let v be h(1). Suppose 0 = -4*s - 2*m + 80, 3*m = -3*s + m + v. What are the prime factors of s?
2, 3
Let t = 10 + -5. Suppose -t*u + u = -368. Suppose -4*s + 240 = 4*i, -2*i - 2*s + 7*s = -u. List the prime factors of i.
2, 7
Let x = 4 + 1. Suppose x*m = 74 + 1. What are the prime factors of (-175)/5*(-9)/m?
3, 7
Let g = 784 - 466. What are the prime factors of g?
2, 3, 53
Let p(q) = q**3 + q**2 + 2*q - 3. Let d be p(4). Let f = -168 + 164. What are the prime factors of f/(-10) + 2771/d?
3, 11
Let i(m) = -15*m**3 + 5*m**2 + 21*m + 76. List the prime factors of i(-6).
2, 5, 337
Let z = 669 + -630. What are the prime factors of z?
3, 13
Let l = 134 - 267. Let b = l + 311. List the prime factors of b.
2, 89
Suppose 11718 = 7*x + 7*x. What are the prime factors of x?
3, 31
Let c = 362 + 465. List the prime factors of c.
827
Suppose -3*g + 4*d = 1, 0*d + 3 = -2*g + 5*d. List the prime factors of 2/((-179)/(-59) - (2 + g)).
59
List the prime factors of 757/((-2)/(8/(4/(-1)))).
757
Suppose 0 = -2*f - 4 - 4. List the prime factors of (1350/f)/(-9)*30/5.
3, 5
Suppose -5*u = 5*z + 10, -4*z + 3 + 1 = -2*u. Let f be (u + (-105)/3)*-1. Suppose -2*t = 3*t, -m + f = 4*t. What are the prime factors of m?
37
Let d be (128/6)/(1/3). Let t be (3 - 4) + d + 0. Let q = -30 + t. List the prime factors of q.
3, 11
Let t = -15 + 17. Suppose 144 - 22 = t*o. What are the prime factors of o?
61
Let f = 641 - 374. Let y = f - 158. List the prime factors of y.
109
Let l(o) be the first derivative of -3*o**4/4 - 10*o**3/3 - 3*o**2 - 5*o - 8. List the prime factors of l(-4).
3, 17
Let q = 293 + 135. List the prime factors of q.
2, 107
Suppose 3*c = -2*m + 3915, 16*m + 2*c = 20*m - 7854. List the prime factors of m.
2, 3, 109
Let a = -635 - -971. List the prime factors of a.
2, 3, 7
Suppose 2*x + 2*m = 10, 3*m + 15 = 2*x - 0*m. Suppose 5*r + q = x*q + 545, 0 = -r - 2*q + 121. List the prime factors of r.
113
What are the prime factors of (-1653 - -1)/(-1)*26/52?
2, 7, 59
Let o(m) = -m - 1. Let n(z) = 2*z + 16. Let w(u) = n(u) + 3*o(u). Let l be w(8). Suppose t = 0, -5*t + 19 = l*q - 51. What are the prime factors of q?
2, 7
Suppose f = 3, -f = 2*a - 5*a - 18. Let m be a + (0 - (0 - 4)). What are the prime factors of m + 32 